prime factors of 2704086193?
2704086193
What are the prime factors of 16868086?
2, 19, 61, 383
What are the prime factors of 192378733?
193, 996781
List the prime factors of 72794285.
5, 1279, 11383
List the prime factors of 65952967.
359, 183713
What are the prime factors of 1880848396?
2, 7, 1601, 41957
List the prime factors of 52114287.
3, 59, 294431
What are the prime factors of 118494743?
17, 6970279
What are the prime factors of 2475263946?
2, 3, 67, 509, 12097
List the prime factors of 3399953852.
2, 29, 1499, 19553
List the prime factors of 55765165.
5, 137, 81409
List the prime factors of 284466419.
47, 139, 43543
List the prime factors of 47853183.
3, 7, 461, 4943
What are the prime factors of 7048111786?
2, 3524055893
What are the prime factors of 133247131?
133247131
List the prime factors of 1374951080.
2, 5, 37, 167, 5563
List the prime factors of 111747322.
2, 19, 461, 6379
What are the prime factors of 81937058?
2, 7, 101, 57947
What are the prime factors of 14877849?
3, 7, 23, 30803
List the prime factors of 245780638.
2, 122890319
List the prime factors of 1369568412.
2, 3, 19, 74159
List the prime factors of 57941416.
2, 13, 23, 24223
What are the prime factors of 5053585005?
3, 5, 7, 947, 5647
What are the prime factors of 23260978?
2, 13, 19, 47087
List the prime factors of 2369071233.
3, 29247793
List the prime factors of 7221680.
2, 5, 90271
What are the prime factors of 872964329?
19, 149, 308359
What are the prime factors of 7537204?
2, 1129, 1669
List the prime factors of 404335879.
3169, 127591
What are the prime factors of 134758641?
3, 67, 761, 881
What are the prime factors of 357397238?
2, 11, 16245329
What are the prime factors of 120491969?
13, 1319, 7027
List the prime factors of 4464753831.
3, 257, 643429
List the prime factors of 71706472.
2, 31, 289139
What are the prime factors of 24762936?
2, 3, 11, 97, 967
What are the prime factors of 2603813727?
3, 867937909
What are the prime factors of 425246642?
2, 97, 2191993
List the prime factors of 2885225.
5, 7, 16487
What are the prime factors of 21404579?
7, 3057797
List the prime factors of 261118931.
23, 113, 100469
List the prime factors of 406331380.
2, 5, 7, 13, 223259
What are the prime factors of 39685282?
2, 7, 13, 29, 73, 103
What are the prime factors of 50998368?
2, 3, 17, 31249
List the prime factors of 57894641.
7, 43, 192341
What are the prime factors of 53231017?
7, 419, 18149
List the prime factors of 118192356.
2, 3, 37, 89, 997
What are the prime factors of 378185531?
409, 924659
What are the prime factors of 17392718?
2, 7, 487, 2551
What are the prime factors of 2557850740?
2, 5, 127892537
What are the prime factors of 104436340?
2, 5, 5221817
What are the prime factors of 34915156?
2, 79, 110491
What are the prime factors of 5076921691?
16619, 305489
List the prime factors of 172549713.
3, 7, 101, 81353
What are the prime factors of 25442027?
13, 1957079
List the prime factors of 5677146769.
7, 3329, 243623
List the prime factors of 20487015.
3, 5, 197, 2311
What are the prime factors of 55270414?
2, 53, 227, 2297
What are the prime factors of 94114549?
94114549
What are the prime factors of 6056350480?
2, 5, 43, 1760567
List the prime factors of 1595232393.
3, 37, 2707, 5309
What are the prime factors of 299889325?
5, 11995573
What are the prime factors of 33720291?
3, 11, 47, 7247
What are the prime factors of 630814053?
3, 17, 12368903
What are the prime factors of 97899421?
97899421
List the prime factors of 134770311.
3, 13, 131, 977
List the prime factors of 6587099681.
20903, 315127
List the prime factors of 188781939.
3, 47, 446293
List the prime factors of 213279078.
2, 3, 35546513
List the prime factors of 216696675.
3, 5, 13, 59, 3767
What are the prime factors of 107156925?
3, 5, 31, 569
List the prime factors of 910047657.
3, 43, 7054633
What are the prime factors of 29430371?
1931, 15241
List the prime factors of 131914902.
2, 3, 7, 883, 3557
What are the prime factors of 100615496?
2, 127, 167, 593
List the prime factors of 107717212.
2, 37, 389, 1871
What are the prime factors of 307467882?
2, 3, 17, 1004797
What are the prime factors of 86258129?
43, 131, 15313
List the prime factors of 3460184574.
2, 3, 7, 11, 37, 71, 2851
What are the prime factors of 275771746?
2, 1033, 133481
What are the prime factors of 117474074?
2, 19, 59, 151, 347
List the prime factors of 181412512.
2, 1601, 3541
What are the prime factors of 9606131?
9606131
What are the prime factors of 850992322?
2, 425496161
What are the prime factors of 17250923?
17250923
What are the prime factors of 225996731?
225996731
List the prime factors of 343726840.
2, 5, 8593171
List the prime factors of 569793624.
2, 3, 17, 29, 48157
What are the prime factors of 62243428?
2, 13, 23, 71, 733
List the prime factors of 23137180.
2, 5, 11, 251, 419
List the prime factors of 45035703.
3, 17, 59, 1663
What are the prime factors of 4819418?
2, 2409709
List the prime factors of 5722602468.
2, 3, 11, 677, 64037
What are the prime factors of 54440488?
2, 6805061
List the prime factors of 184210284.
2, 3, 2339, 6563
List the prime factors of 33321577.
53, 628709
What are the prime factors of 170598514?
2, 4523, 18859
List the prime factors of 762028509.
3, 11, 23091773
What are the prime factors of 2960724634?
2, 7, 23, 9194797
What are the prime factors of 2312225320?
2, 5, 101, 572333
What are the prime factors of 102900131?
6121, 16811
List the prime factors of 4098670724.
2, 401, 2555281
What are the prime factors of 407819349?
3, 7, 6473323
List the prime factors of 691429561.
691429561
What are the prime factors of 145097256?
2, 3, 97, 62327
List the prime factors of 609958940.
2, 5, 4159, 7333
What are the prime factors of 40173004?
2, 29, 223, 1553
List the prime factors of 111133074.
2, 3, 13, 163, 8741
List the prime factors of 693946974.
2, 3, 7, 29, 109, 5227
What are the prime factors of 4574681971?
1747, 2618593
List the prime factors of 1059264299.
22109, 47911
What are the prime factors of 57575018?
2, 28787509
What are the prime factors of 18188949?
3, 6062983
What are the prime factors of 2015890697?
43, 46881179
List the prime factors of 690129935.
5, 11, 12547817
List the prime factors of 4875285209.
79, 61712471
What are the prime factors of 177587189?
13, 31, 101, 4363
List the prime factors of 1517142891.
3, 11, 4179457
What are the prime factors of 1029863674?
2, 7, 43, 34913
List the prime factors of 2228877047.
16091, 138517
What are the prime factors of 234173879?
19, 23, 281, 1907
List the prime factors of 507728520.
2, 3, 5, 13, 29, 43
What are the prime factors of 17439203?
17439203
List the prime factors of 292819914.
2, 3, 97, 55903
What are the prime factors of 52068033?
3, 5785337
List the prime factors of 88490473.
88490473
What are the prime factors of 15446187?
3, 271, 2111
List the prime factors of 11327099.
7, 79, 20483
What are the prime factors of 834139923?
3, 278046641
List the prime factors of 1978326716.
2, 211, 2343989
What are the prime factors of 2103867991?
131, 3253, 4937
What are the prime factors of 262513516?
2, 65628379
What are the prime factors of 48601384?
2, 13, 47, 61, 163
What are the prime factors of 26497153?
19, 79, 127, 139
List the prime factors of 645654837.
3, 1439, 149561
What are the prime factors of 37001772?
2, 3, 114203
What are the prime factors of 2302140913?
53, 1823, 23827
What are the prime factors of 3621558?
2, 3, 227, 2659
What are the prime factors of 54320131?
3967, 13693
What are the prime factors of 3712723?
7, 530389
What are the prime factors of 236156736?
2, 3, 1031, 1193
What are the prime factors of 34197649?
41, 859, 971
List the prime factors of 59990706.
2, 3, 47, 7879
What are the prime factors of 1134079879?
83, 13663613
List the prime factors of 180159776.
2, 5629993
What are the prime factors of 1357002092?
2, 41, 8274403
List the prime factors of 2194264402.
2, 11, 5113, 19507
What are the prime factors of 2221729404?
2, 3, 661, 280097
What are the prime factors of 3789396?
2, 3, 13, 2699
What are the prime factors of 114204639?
3, 29, 41, 101, 317
What are the prime factors of 350942849?
17, 20643697
What are the prime factors of 175340865?
3, 5, 7, 191, 1249
List the pr